nvert -29 (base 14) to base 11.
-34
Convert 1 (base 7) to base 16.
1
Convert 6 (base 14) to base 16.
6
Convert -6c (base 13) to base 2.
-1011010
Convert 6 (base 13) to base 9.
6
Convert -4 (base 13) to base 10.
-4
What is 18 (base 12) in base 11?
19
Convert -13b (base 16) to base 3.
-102200
What is -3 (base 15) in base 6?
-3
-38 (base 13) to base 7
-65
Convert 1 (base 5) to base 9.
1
3 (base 13) to base 6
3
Convert 10010 (base 2) to base 13.
15
What is 6 (base 7) in base 9?
6
Convert -100 (base 3) to base 14.
-9
What is -29 (base 11) in base 13?
-25
4 (base 15) to base 8
4
Convert -26 (base 10) to base 8.
-32
Convert -11 (base 12) to base 7.
-16
What is 59 (base 14) in base 11?
72
What is -2 (base 5) in base 11?
-2
Convert -123 (base 5) to base 11.
-35
What is -4 (base 8) in base 6?
-4
Convert -35 (base 6) to base 12.
-1b
What is -2233 (base 4) in base 16?
-af
Convert -1432 (base 5) to base 16.
-f2
4 (base 10) to base 2
100
3 (base 14) to base 11
3
What is -3 (base 8) in base 2?
-11
-1 (base 3) to base 4
-1
What is 3 (base 12) in base 15?
3
What is db (base 15) in base 2?
11001110
171 (base 8) to base 10
121
What is 1212 (base 3) in base 10?
50
Convert -120 (base 4) to base 5.
-44
Convert -66 (base 12) to base 14.
-58
Convert -31 (base 11) to base 5.
-114
-10211 (base 4) to base 8
-445
What is 2 (base 14) in base 13?
2
Convert -34 (base 5) to base 15.
-14
What is -10 (base 4) in base 10?
-4
-145 (base 6) to base 13
-50
-1100 (base 2) to base 11
-11
Convert 136 (base 9) to base 10.
114
What is -22 (base 3) in base 5?
-13
220 (base 10) to base 2
11011100
140 (base 5) to base 10
45
a (base 12) to base 11
a
What is -59 (base 10) in base 2?
-111011
100 (base 3) to base 16
9
Convert -343 (base 5) to base 4.
-1202
Convert 2 (base 9) to base 10.
2
Convert b1 (base 12) to base 5.
1013
Convert 5 (base 9) to base 10.
5
What is 34 (base 5) in base 14?
15
Convert 4 (base 7) to base 16.
4
Convert -1a2 (base 12) to base 6.
-1122
Convert -10 (base 3) to base 11.
-3
Convert 21 (base 5) to base 3.
102
0 (base 5) to base 16
0
4 (base 6) to base 5
4
1 (base 13) to base 4
1
Convert -17 (base 15) to base 2.
-10110
Convert 4 (base 15) to base 3.
11
What is -1b (base 12) in base 14?
-19
Convert -14 (base 11) to base 7.
-21
10 (base 8) to base 16
8
What is -24 (base 12) in base 7?
-40
Convert 12 (base 12) to base 13.
11
Convert 110010011 (base 2) to base 4.
12103
11 (base 4) to base 15
5
4 (base 10) to base 16
4
What is 1 (base 14) in base 11?
1
Convert 31 (base 11) to base 13.
28
210 (base 4) to base 11
33
2 (base 12) to base 5
2
Convert -21 (base 4) to base 9.
-10
Convert -5 (base 12) to base 10.
-5
What is 13 (base 8) in base 15?
b
-1 (base 12) to base 2
-1
What is -54 (base 15) in base 8?
-117
-5 (base 13) to base 15
-5
3 (base 13) to base 9
3
What is 1224 (base 6) in base 13?
1a5
Convert 1 (base 5) to base 4.
1
Convert 54 (base 9) to base 5.
144
Convert -277 (base 11) to base 14.
-194
407 (base 8) to base 2
100000111
-5 (base 11) to base 16
-5
Convert -50 (base 8) to base 6.
-104
a5 (base 11) to base 15
7a
6 (base 9) to base 16
6
Convert -3 (base 15) to base 14.
-3
-18 (base 14) to base 8
-26
Convert -110 (base 3) to base 9.
-13
-8 (base 11) to base 16
-8
10 (base 7) to base 15
7
What is -3 (base 5) in base 2?
-11
1 (base 7) to base 9
1
Convert -13 (base 9) to base 8.
-14
What is 5 (base 8) in base 11?
5
What is -165 (base 8) in base 12?
-99
-384 (base 9) to base 4
-10333
What is 0 (base 16) in base 8?
0
Convert -30 (base 12) to base 4.
-210
What is -3 (base 13) in base 5?
-3
Convert -c (base 16) to base 8.
-14
Convert 1a (base 11) to base 9.
23
What is 8 (base 9) in base 15?
8
Convert -3 (base 16) to base 10.
-3
-3 (base 11) to base 8
-3
What is -2a (base 15) in base 2?
-101000
What is 2 (base 7) in base 6?
2
-5 (base 15) to base 5
-10
12 (base 12) to base 7
20
What is -12 (base 8) in base 9?
-11
45 (base 10) to base 12
39
-11 (base 15) to base 3
-121
What is 155 (base 7) in base 6?
225
Convert -11000000 (base 2) to base 6.
-520
What is 2 (base 11) in base 2?
10
What is 0 (base 7) in base 3?
0
Convert 5 (base 8) to base 4.
11
What is 0 (base 10) in base 9?
0
-240 (base 10) to base 4
-3300
Convert -1 (base 4) to base 8.
-1
-265 (base 7) to base 15
-9a
What is 35 (base 11) in base 2?
100110
3 (base 11) to base 7
3
Convert -10211 (base 3) to base 9.
-124
Convert 0 (base 7) to base 9.
0
What is -35 (base 14) in base 2?
-101111
-110 (base 3) to base 16
-c
Convert -a (base 16) to base 3.
-101
What is -303 (base 4) in base 2?
-110011
7 (base 16) to base 10
7
Convert -212 (base 3) to base 12.
-1b
What is 3 (base 5) in base 4?
3
0 (base 5) to base 14
0
What is 1011 (base 3) in base 16?
1f
Convert 65 (base 15) to base 3.
10112
Convert -10000 (base 2) to base 5.
-31
What is 172 (base 16) in base 5?
2440
What is 112 (base 9) in base 7?
161
What is 3 (base 15) in base 8?
3
What is 3c (base 14) in base 15?
39
What is 44 (base 10) in base 3?
1122
Convert -23 (base 8) to base 2.
-10011
Convert -1110 (base 4) to base 12.
-70
Convert -2d (base 16) to base 9.
-50
b7 (base 12) to base 3
12011
Convert -133 (base 6) to base 8.
-71
35 (base 16) to base 13
41
2 (base 4) to base 14
2
What is 131 (base 4) in base 10?
29
What is -45 (base 10) in base 3?
-1200
-104 (base 5) to base 9
-32
What is 108 (base 14) in base 9?
246
What is -2a (base 15) in base 16?
-28
-32 (base 12) to base 9
-42
Convert 5 (base 13) to base 3.
12
-314 (base 6) to base 3
-11101
Convert 0 (base 4) to base 5.
0
Convert -14 (base 16) to base 10.
-20
-36 (base 8) to base 5
-110
-64 (base 12) to base 13
-5b
What is -24 (base 10) in base 2?
-11000
Convert 4 (base 6) to base 8.
4
36 (base 7) to base 2
11011
-5 (base 15) to base 9
-5
-2001 (base 3) to base 14
-3d
Convert 110010 (base 2) to base 11.
46
-1a (base 14) to base 6
-40
-326 (base 7) to base 2
-10100111
Convert -1031 (base 4) to base 6.
-205
-51 (base 12) to base 3
-2021
Convert 94 (base 10) to base 14.
6a
What is 54 (base 9) in base 14?
37
What is -6 (base 15) in base 7?
-6
What is 0 (base 10) in base 15?
0
-1101 (base 2) to base 11
-12
What is 1 (base 7) in base 8?
1
Convert -9 (base 10) to base 6.
-13
Convert 2 (base 4) to base 15.
2
What is 15 (base 8) in base 13?
10
Convert 5 (base 13) to base 14.
5
Convert 19 (base 15) to base 12.
20
Convert -32 (base 9) to base 14.
-21
Convert 12 (base 6) to base 3.
22
41 (base 9) to base 12
31
What is -12 (base 9) in base 12?
-b
-23 (base 8) to base 3
-201
What is 1000111 (base 2) in base 4?
1013
-75 (base 10) to base 14
-55
What is -114 (base 6) in base 16?
-2e
Convert 13 (base 8) to base 12.
b
12 (base 7) to base 8
11
1220 (base 3) to base 15
36
What is -3 (base 5) in base 16?
-3
What is 3 (base 14) in base 12?
3
Convert -1 (base 16) to base 3.
-1
-2 (base 7) to base 15
-2
What is 7 (base 11) in base 14?
7
Convert 6 (base 8) to base 9.
6
-2 (base 14) to base 12
-2
3 (base 16) to base 11
3
Convert 2021 (base 3) to base 14.
45
What is -b (base 12) in base 11?
-10
What is -101011 (base 2) in base 3?
-1121
155 (base 10) to base 11
131
Convert 0 (base 5) to base 4.
0
What is 48 (base 14) in base 10?
64
Convert -17 (base 9) to base 10.
-16
Convert 50 (base 15) to base 5.
300
Convert 2 (base 4) to base 7.
2
-40 (base 13) to base 16
-34
What is -42 (base 6) in base 2?
-11010
Convert -20 (base 4) to base 5.
-13
Convert 2 (base 16) to base 9.
2
What is 2a (base 12) in base 13?
28
-101000111 (base 2) to base 7
-645
-4 (base 7) to base 8
-4
What is 12 (base 4) in base 10?
6
Convert -119 (base 12) to base 4.
-2211
12 (base 7) to base 16
9
3 (base 16) to base 15
3
Convert 251 (base 12) to base 4.
11131
What is 11 (base 6) in base 9?
7
What is -3b (base 16) in base 15?
-3e
-23 (base 4) to base 2
-1011
6 (base 11) to base 10
6
Convert -1 (base 5) to base 8.
-1
What is -11001 (base 2) in base 12?
-21
What is -3 (base 7) in base 15?
-3
What is 0 (base 15) in base 5?
0
Convert -130 (base 10) to base 5.
-1010
What is -1 (base 14) in base 3?
-1
-40 (base 13) to base 3
-1221
Convert 6 (base 12) to base 2.
110
-24 (base 8) to base 13
-17
What is 3 (base 10) in base 8?
3
What is e7 (base 16) in base 4?
3213
Convert 3 (base 16) to base 10.
3
Convert -cb (base 16) to base 5.
-1303
Convert -14 (base 6) to base 9.
-11
Convert -2 (base 4) to ba